s the units digit of 2/9 + w/9?
6
What is the units digit of (25/1 - 1) + -3?
1
Let w = 2 + -1. Suppose -3*q - 2*q - 25 = 0, -24 = -2*n + 4*q. Let z = n - w. What is the units digit of z?
1
Let c = -8 + 8. Suppose 5*a - 2*i - 45 = -3*i, -5*i = c. What is the units digit of a?
9
Suppose -34 - 16 = -2*v. Suppose -4*q = -5*g + v, -5*g + 0*q = -3*q - 20. What is the units digit of g + 0 + -1 - -1?
1
Let h = 2 + 4. Let p(w) = w**3 - h - 8*w - 4*w**3 - 8*w**2 + 4*w**3. What is the units digit of p(9)?
3
Suppose r + 0 = 54. Suppose 4*p = 22 + r. What is the units digit of p?
9
Let g(i) = -2*i - 9. Suppose 0 = -5*p + 6 - 36. Let u be g(p). What is the tens digit of 11*u/(-2 - -5)?
1
Suppose -3*a + 17 = 2*z, z = 4*a - 0*a - 8. Suppose -7*n = -a*n - 136. What is the units digit of n?
4
Suppose 0 = 2*w - 4*y - 170, 261 = 3*w - 0*y - 4*y. Suppose 2*u - h - 20 = 29, 4*u = -5*h + w. Suppose -4*o + 0*o = -u. What is the units digit of o?
6
Suppose 25 = 7*o - 2*o. Suppose o*f = 22 + 3. What is the units digit of f?
5
Suppose 4*d - 5 = 2*t + 9, 4*t + 2*d = 12. Let w = -4 + t. What is the units digit of (-2)/(-1) - w/3?
3
Let w = 39 + -12. What is the tens digit of w?
2
Suppose -4*b - 18 = -62. What is the units digit of b?
1
What is the hundreds digit of 527/2 + 1 + 5/(-10)?
2
Suppose -5*g + 803 = 4*f, 5*g + 455 = -5*f + 1255. What is the hundreds digit of g?
1
Let o be (-12)/(46/20 - 2). Let k = o - -79. What is the units digit of k?
9
Let l(t) = -t + 11. Let f be l(9). Suppose -37 = -f*x + 3. What is the tens digit of x?
2
Let c(w) = -w - 3. Let s be c(-6). Suppose -2*i = s*o - 76, -4*i - 5*o + 180 = i. What is the tens digit of i?
3
Let d(w) = w**3 - 7*w**2 - 6*w - 11. Let x be d(8). Suppose -2*v + 5*s = -x*v + 46, -v + 6 = -3*s. What is the units digit of v?
2
Suppose -2*k - 3*k + 10 = 0. Suppose -k*j - 3*j = 15. What is the units digit of -1 - (j - 0 - 10)?
2
Let s(i) = i**2 + 7*i + 7. Let p be 23/(-4) + 1/(-4). What is the units digit of s(p)?
1
Suppose 2*y - 15 = -z - 3*y, -5*y = 4*z - 45. What is the units digit of z?
0
Let f = -21 + 22. What is the units digit of f?
1
Let b(o) = -o**2 + 3*o + 4. Let l be b(4). Suppose l*g = 3*g - 6. What is the units digit of ((-12)/18)/(g/(-6))?
2
Let b(r) = 2*r**2 + 7*r - 5. What is the tens digit of b(4)?
5
Suppose -5*n = -0*n - 155. What is the tens digit of n?
3
Let g = 261 + -81. What is the tens digit of g?
8
Let a be (-9)/1*(-1 - 0). Suppose -3*y + a = -15. What is the units digit of y?
8
Suppose 0 = z + 2*d - 3, -3*z - 3*d + 0 = 3. Let p = 0 + -2. What is the units digit of (p/z)/((-1)/(-5))?
2
Suppose 5*v - 3*x - 6 = -0*v, 2*v + 2*x = -4. Let w = 4 + v. What is the units digit of w?
4
Let d be 1 + 3/(-9)*0. Let m(y) = y - 1. Let c be m(3). Suppose -c*r = -19 - d. What is the units digit of r?
0
Suppose 4*g - 58 = 5*m, 3*m + 1 = -5. What is the units digit of g?
2
Suppose -2*x + 0*x = -10. Let h be 2/x - 539/35. What is the units digit of (-5)/h + (-4)/(-6)?
1
Let x = 21 - 15. What is the units digit of 5/(15/x) + 11?
3
Suppose q = -b + 5*b - 3, -5*b = -5*q - 30. Let m(p) = p + 14. What is the units digit of m(q)?
7
Let n be 1/((-3)/(2 + 1)). Let i = 5 + n. Suppose 3*l - i*l + 2 = 0. What is the units digit of l?
2
Suppose -4*k + 20 = 0, -27 = -3*v + v - 5*k. What is the units digit of v?
1
Let i = -4 + 60. Suppose -4*r = 5*u - 101, 4*u - 3*r + 0*r - i = 0. What is the units digit of u?
7
Suppose 1 = -3*i + 37. What is the tens digit of i?
1
Suppose -4*w + 15 = -3*j, -2*j - 3*w + 18 = -5*j. What is the units digit of (-195)/(-9) + 6/j?
1
Let m(v) = -v**2 + 5*v + 5. Let s(f) = 3*f - 4 + 0*f - f + 3. Let a be s(3). What is the units digit of m(a)?
5
Suppose 0 = 3*y - 317 + 62. What is the units digit of y?
5
Suppose -3*d + 3 = -2*d. Suppose -4*i - 53 = -6*i + 5*l, -3*i - l = -37. Let v = i - d. What is the tens digit of v?
1
Let v = 76 - -170. What is the tens digit of v?
4
Suppose -5*n + 2*n = 0. Suppose -4*l = 2*h - 46 - n, 4*h - 44 = 4*l. What is the tens digit of h?
1
Suppose 0*z - 2*z + 6 = 3*c, 5*c = 3*z + 10. Let n(l) = l**2 + 8. What is the units digit of n(z)?
8
What is the units digit of -14*14/(-49) + (-261)/(-1)?
5
Let m(f) = 7*f - 2. Let c(q) = q. Let r(w) = 6*c(w) - m(w). Suppose 4*h = -0*h - 24. What is the units digit of r(h)?
8
Let t(x) = 24*x**3 - x. Let i be t(-1). Let z = 9 + i. What is the units digit of 3 - 2 - 2 - z?
3
Let z be -12*((-4)/(-6))/(-2). Let h = 8 - z. What is the units digit of h?
4
Suppose -5*o - 110 = -1115. What is the hundreds digit of o?
2
Let d(r) = -r - 17. Let w be d(-10). Let u = w - -12. Suppose -3*i - 5*l = -3, -2*i + 5*l = 3*i - u. What is the units digit of i?
1
Let r = -111 + 144. What is the units digit of r?
3
Let l(n) = n**3 - 8*n**2 + 7*n + 10. Let k be ((-21)/9 + 2)*-12. Let y be 50/8 + 3/k. What is the tens digit of l(y)?
1
What is the hundreds digit of -10*(-1)/(-2) + 168?
1
Suppose 766 = 8*m - 42. What is the units digit of m?
1
Let a be (-3)/(-12) - (-75)/4. Let y = a + -12. What is the units digit of y?
7
Suppose -2*m - p = 2*m + 2, -2*m - 4 = 2*p. Suppose -w + 12 = 3*w, m = 5*u + 2*w - 86. What is the tens digit of u?
1
Suppose -4*n + 4*l + 2 + 10 = 0, 0 = -3*n + l + 7. Suppose -n*i = -14 - 6. What is the tens digit of i?
1
Suppose u - 298 = 5*w, -u + 0*w + 316 = 4*w. What is the tens digit of u?
0
Let i be (-1)/(22/(-10) - -2). Suppose 41 = i*t - 69. What is the units digit of t?
2
Let f(y) = 4*y**2 - 4*y + 4. What is the tens digit of f(3)?
2
Let v be (-651)/(-15) - (-2)/(-5). Suppose -4*j + v = -37. Suppose 2*f + z - 12 = 0, -f + z = -2*z - j. What is the units digit of f?
8
Let r = -2 - -44. What is the tens digit of r?
4
Suppose 64 = 2*h + 6. What is the units digit of h?
9
Suppose 4*l - 124 = p + 39, -208 = -5*l - 3*p. What is the units digit of l?
1
Let y(n) = 11*n**3 + 8*n**2 + 7*n - 3. Let m(k) = -5*k**3 - 4*k**2 - 4*k + 2. Let d(t) = 13*m(t) + 6*y(t). What is the tens digit of d(6)?
2
Let s be (2 - 1)/(3/6). Let t = s + 1. Suppose 0 = -t*n + f + 16, 4 = n - 4*n - 4*f. What is the units digit of n?
4
Suppose 2*w + 0*w - 5*l = -10, 3*w - 4*l = -8. Suppose w*y + 2*y = 8. Suppose y*z - 2*z = 2. What is the units digit of z?
1
Let g = -190 + 270. What is the units digit of g?
0
Let y = -40 + 47. What is the units digit of y?
7
Suppose -13 + 1 = -2*c. What is the units digit of c?
6
Suppose -3*c + 5*d - 18 = 4*d, -6 = c - d. What is the units digit of 3/c - 30/(-4)?
7
Let s(i) = 2*i**2 + 8*i - 8. Let n be s(-7). What is the units digit of n/9 + (-10)/(-45)?
4
Let a(z) = -2*z**3 + 2*z**2 - 2*z + 1. Let k(g) = -2*g**3 - 2*g**2 - 2*g - 1. Let i be k(-1). Let x be a(i). What is the units digit of (-5)/(2*x + 1)?
5
Suppose w + 30 = -2*w. Let h = w + 14. Suppose -t + h = -0*t. What is the units digit of t?
4
Let c(p) = p**3 + 2*p - 2. Let w = 0 - -2. What is the tens digit of c(w)?
1
Suppose -121 = 2*h - 7*h + 4*t, h - 29 = 2*t. What is the units digit of h?
1
Let w = 5 + -2. What is the units digit of 6 + w/(-9)*-3?
7
Let h(i) be the third derivative of -i**5/60 + i**4/2 - 3*i**3/2 + 6*i**2. What is the tens digit of h(8)?
2
Suppose 0 = 4*t + t. Suppose t*y + y = 5. Suppose 25 = 3*v + u, v - 21 = -v - y*u. What is the units digit of v?
8
What is the tens digit of 77/(-14)*6*-1?
3
Let u be -3*2*(-1)/3. Suppose -u = -y, 5*y + 2 = z + z. What is the units digit of z/8 + 13/4?
4
Suppose 2*j = -3*d + 81, -5*j - 43 - 11 = -2*d. What is the tens digit of d?
2
Suppose 3*o = -5 + 2. Let i = 0 - o. What is the units digit of i?
1
Suppose 0 = -j - 4*a - 1, 5*j - a = -28 - 19. Let l = j + 15. What is the units digit of l?
6
Let n = 10 + -8. What is the units digit of n?
2
Let k be (-9 - -2)*12/(-7). What is the units digit of (-8)/k*6/(-4)?
1
Let j(u) = -9*u - 36. What is the units digit of j(-7)?
7
Let z = 4 + -4. Let j = 1 + z. Let b = 3 - j. What is the units digit of b?
2
Let z = 1 + 11. What is the tens digit of z?
1
Suppose b = -5*j - 38, 3*b - 46 = 5*j - 0*b. Let i = -15 + j. Let g = -11 - i. What is the units digit of g?
2
What is the tens digit of (-2 + 5)*(7 + 2)?
2
Let n = 20 + 12. What is the tens digit of n?
3
Suppose -11 = -2*y - 1. Suppose y*z + 22 + 44 = 2*p, -98 = -2*p - 3*z. What is the tens digit of p?
4
Suppose 2*m + 34 = 2*h, 11 + 55 = 4*